{"id":2175,"date":"2026-02-08T21:54:54","date_gmt":"2026-02-09T02:54:54","guid":{"rendered":"https:\/\/asopardocolombia.co\/?page_id=2175"},"modified":"2026-03-20T22:01:28","modified_gmt":"2026-03-21T03:01:28","slug":"pardo-suizo","status":"publish","type":"page","link":"https:\/\/asopardocolombia.co\/en\/pardo-suizo\/","title":{"rendered":"Pardo Suizo"},"content":{"rendered":"\t\t<div data-elementor-type=\"wp-page\" data-elementor-id=\"2175\" class=\"elementor elementor-2175\">\n\t\t\t\t<div class=\"elementor-element elementor-element-33ad84e e-flex e-con-boxed e-con e-parent\" data-id=\"33ad84e\" data-element_type=\"container\" data-e-type=\"container\">\n\t\t\t\t\t<div class=\"e-con-inner\">\n\t\t\t\t<div class=\"elementor-element elementor-element-575e1fb elementor-widget elementor-widget-image\" data-id=\"575e1fb\" data-element_type=\"widget\" data-e-type=\"widget\" data-widget_type=\"image.default\">\n\t\t\t\t<div class=\"elementor-widget-container\">\n\t\t\t\t\t\t\t\t\t\t\t\t\t\t\t<img fetchpriority=\"high\" decoding=\"async\" width=\"1024\" height=\"512\" src=\"https:\/\/asopardocolombia.co\/wp-content\/uploads\/2026\/02\/asopardo-1024x512.webp\" class=\"attachment-large size-large wp-image-2432\" alt=\"asopardo\" srcset=\"https:\/\/asopardocolombia.co\/wp-content\/uploads\/2026\/02\/asopardo-1024x512.webp 1024w, https:\/\/asopardocolombia.co\/wp-content\/uploads\/2026\/02\/asopardo-300x150.webp 300w, https:\/\/asopardocolombia.co\/wp-content\/uploads\/2026\/02\/asopardo-768x384.webp 768w, https:\/\/asopardocolombia.co\/wp-content\/uploads\/2026\/02\/asopardo-1536x768.webp 1536w, https:\/\/asopardocolombia.co\/wp-content\/uploads\/2026\/02\/asopardo-18x9.webp 18w, https:\/\/asopardocolombia.co\/wp-content\/uploads\/2026\/02\/asopardo.webp 1600w\" sizes=\"(max-width: 1024px) 100vw, 1024px\" title=\"Pardo Suizo\">\t\t\t\t\t\t\t\t\t\t\t\t\t\t\t<\/div>\n\t\t\t\t<\/div>\n\t\t\t\t\t<\/div>\n\t\t\t\t<\/div>\n\t\t<div class=\"elementor-element elementor-element-5d888706 e-flex e-con-boxed e-con e-parent\" data-id=\"5d888706\" data-element_type=\"container\" data-e-type=\"container\" id=\"xs_drop_1\">\n\t\t\t\t\t<div class=\"e-con-inner\">\n\t\t\t\t<div class=\"elementor-element elementor-element-38bf5bfb elementor-widget elementor-widget-elementskit-heading\" data-id=\"38bf5bfb\" data-element_type=\"widget\" data-e-type=\"widget\" data-widget_type=\"elementskit-heading.default\">\n\t\t\t\t<div class=\"elementor-widget-container\">\n\t\t\t\t\t<div class=\"ekit-wid-con\" ><div class=\"ekit-heading elementskit-section-title-wraper text_center   ekit_heading_tablet-   ekit_heading_mobile-\"><h2 class=\"ekit-heading--title elementskit-section-title \">\u00a1CONOCE LAS BONDADES DEL PARDO SUIZO!<\/h2><\/div><\/div>\t\t\t\t<\/div>\n\t\t\t\t<\/div>\n\t\t<div class=\"elementor-element elementor-element-737889c7 e-con-full e-flex e-con e-child\" data-id=\"737889c7\" data-element_type=\"container\" data-e-type=\"container\">\n\t\t\t\t<div class=\"elementor-element elementor-element-7649aea1 elementor-widget elementor-widget-elementskit-drop-caps\" data-id=\"7649aea1\" data-element_type=\"widget\" data-e-type=\"widget\" data-widget_type=\"elementskit-drop-caps.default\">\n\t\t\t\t<div class=\"elementor-widget-container\">\n\t\t\t\t\t<div class=\"ekit-wid-con\" >\t\t<div class=\"ekit-dropcap-wraper\">\n\t\t\t\t\t\t<p class=\"ekit-dropcap-cotnent\">La raza Pardo Suizo o Brown Swiss pertenece a la especie Bos taurus, su origen se remonta a 2.000 a\u00f1os A.C., en la zona del lago Dwellers, donde han sido encontrados huesos f\u00f3siles que corresponden a la edad de bronce y de hierro, se desarrolla en los valles y monta\u00f1as de Suiza central constituy\u00e9ndose en un n\u00facleo de gran pureza y haci\u00e9ndose fuerte, grande y r\u00fastico. Debemos resaltar que sigue id\u00e9ntica en el color, pigmentaci\u00f3n de piel, pezu\u00f1as, rusticidad y fortaleza, entre otras caracter\u00edsticas. Es famosa en todo el mundo por ser la segunda raza en rendimiento lechero luego de la raza holandesa (Holstein), adem\u00e1s es la m\u00e1s antigua de todas las seis razas lecheras (Shorthorn lechero, Holstein,  Jersey, Guernsey y Ayrshire) comienza el camino de la selecci\u00f3n especializada hacia la rama lechera, mostrando en los \u00faltimos 50 a\u00f1os el mayor repunte entre todas las razas.. Presentan muy buena adaptaci\u00f3n lo que ha impulsado su diseminaci\u00f3n en los principales pa\u00edses entre el c\u00edrculo polar \u00e1rtico y el tr\u00f3pico, en altitudes que van del nivel del mar hasta por lo menos 3.800 metros.<br>\n<br>\nLos animales Pardo Suizo se caracterizan por su talla mediana, capa color \u201ccaf\u00e9-gris\u201d el cual var\u00eda en tono prefiriendo las sombras oscuras y las \u00e1reas de un color m\u00e1s claro se localizan en los ojos, hocico, orejas y en las partes bajas de las patas. El pelo es corto, fino y suave; la piel pigmentada; muestra negro en la parte expuesta como en el hocico. Los cuernos son blancos con puntas negras, medios o peque\u00f1os, dirigidos hacia afuera y arriba, encorv\u00e1ndose en las puntas. La cabeza es ancha y moderadamente larga. La espalda es amplia y la l\u00ednea dorsal recta. El pecho es profundo con costillas bien arqueadas, y los desarrollados cuartos traseros son carnosos. El Pardo Suizo es reconocido por sus buenas patas y pezu\u00f1as, rasgos necesarios en la evoluci\u00f3n de la raza en los Alpes suizos, lo que confiere ventajas en el pastoreo. Las patas son algo cortas y las pezu\u00f1as son negras. La ubre est\u00e1 bien desarrollada, est\u00e1 en general bien adherida y tiene buenos pezones.<br> \n<br>\n Los primeros animales Pardo llegaron a nuestro pa\u00eds en 1928, cuando la Sociedad de Agricultores de Caldas, import\u00f3 de Suiza 12 ejemplares. Cuenta una an\u00e9cdota que Don Pedro Uribe Mej\u00eda, gran l\u00edder cafetero, adquiri\u00f3 algunos ejemplares y estos sorprendieron en su producci\u00f3n, el se\u00f1or Uribe organiz\u00f3 durante varios d\u00edas, el orde\u00f1o de una vaca Parda en la plaza principal de Manizales, iban colocando la leche en vasos. Un d\u00eda lleg\u00f3 a dar 120 vasos de leche (250 ml*120=30.000 ml son 30 lt), en una \u00e9poca donde no se suministraba concentrado, sino solo pastoreo.<br>\n<br>\n<strong>BONDADES DEL PARDO SUIZO<\/strong>\n<li>Estructura fuerte.<\/li>\n<li>Excelente conformaci\u00f3n en patas y pezu\u00f1as.<\/li>\n<li>Piel pigmentada, con pelaje claro y corto.<\/li>\n<li>Leche de alta calidad composicional y volumen.<\/li>\n<li>Excelente rendimiento en derivados l\u00e1cteos.<\/li>\n<li>Menor incidencia de Mastitis.<\/li>\n<li>Longevidad y Mansedumbre.<\/li> \n<li>Excelente adaptabilidad al tr\u00f3pico bajo.<\/li>\n<li>Ideal para cruzamientos con Bos Indicus.<\/li><\/p>\n\t\t\t\t\t<\/div>\n        <\/div>\t\t\t\t<\/div>\n\t\t\t\t<\/div>\n\t\t\t\t<\/div>\n\t\t\t\t<div class=\"elementor-element elementor-element-6c4add9 elementor-widget elementor-widget-html\" data-id=\"6c4add9\" data-element_type=\"widget\" data-e-type=\"widget\" data-widget_type=\"html.default\">\n\t\t\t\t<div class=\"elementor-widget-container\">\n\t\t\t\t\t<style>\r\n\/* 1. Buscamos la SECCI\u00d3N completa del encabezado *\/\r\nheader, .elementor-location-header, [data-elementor-type=\"header\"] {\r\n    position: fixed !important;\r\n    top: 0 !important;\r\n    width: 100% !important;\r\n    z-index: 99999 !important;\r\n    background-color: #003366 !important; \/* El azul de Asopardo *\/\r\n}\r\n\r\n\/* 2. Empujamos el resto del contenido hacia abajo para que el men\u00fa no lo tape al cargar *\/\r\n#content, .elementor-location-single, .main-content-area {\r\n    margin-top: 90px !important; \/* Ajusta seg\u00fan el alto de tu men\u00fa *\/\r\n}\r\n\r\n\/* 3. Por si acaso est\u00e1s usando una secci\u00f3n normal de Elementor como men\u00fa *\/\r\n.elementor-section-active {\r\n    position: fixed !important;\r\n    top: 0;\r\n    width: 100%;\r\n    z-index: 99999;\r\n}\r\n<\/style>\t\t\t\t<\/div>\n\t\t\t\t<\/div>\n\t\t\t\t\t<\/div>\n\t\t\t\t<\/div>\n\t\t\t\t<\/div>\n\t\t","protected":false},"excerpt":{"rendered":"<p>\u00a1CONOCE LAS BONDADES DEL PARDO SUIZO! La raza Pardo Suizo o Brown Swiss pertenece a la especie Bos taurus, su origen se remonta a 2.000 a\u00f1os A.C., en la zona [&hellip;]<\/p>\n","protected":false},"author":1,"featured_media":0,"parent":0,"menu_order":0,"comment_status":"closed","ping_status":"closed","template":"elementor_theme","meta":{"_coblocks_attr":"","_coblocks_dimensions":"","_coblocks_responsive_height":"","_coblocks_accordion_ie_support":"","_uag_custom_page_level_css":"","site-sidebar-layout":"no-sidebar","site-content-layout":"page-builder","ast-site-content-layout":"full-width-container","site-content-style":"default","site-sidebar-style":"default","ast-global-header-display":"","ast-banner-title-visibility":"","ast-main-header-display":"","ast-hfb-above-header-display":"","ast-hfb-below-header-display":"","ast-hfb-mobile-header-display":"","site-post-title":"disabled","ast-breadcrumbs-content":"","ast-featured-img":"disabled","footer-sml-layout":"","ast-disable-related-posts":"","theme-transparent-header-meta":"","adv-header-id-meta":"","stick-header-meta":"","header-above-stick-meta":"","header-main-stick-meta":"","header-below-stick-meta":"","astra-migrate-meta-layouts":"set","ast-page-background-enabled":"default","ast-page-background-meta":{"desktop":{"background-color":"var(--ast-global-color-4)","background-image":"","background-repeat":"repeat","background-position":"center center","background-size":"auto","background-attachment":"scroll","background-type":"","background-media":"","overlay-type":"","overlay-color":"","overlay-opacity":"","overlay-gradient":""},"tablet":{"background-color":"","background-image":"","background-repeat":"repeat","background-position":"center center","background-size":"auto","background-attachment":"scroll","background-type":"","background-media":"","overlay-type":"","overlay-color":"","overlay-opacity":"","overlay-gradient":""},"mobile":{"background-color":"","background-image":"","background-repeat":"repeat","background-position":"center center","background-size":"auto","background-attachment":"scroll","background-type":"","background-media":"","overlay-type":"","overlay-color":"","overlay-opacity":"","overlay-gradient":""}},"ast-content-background-meta":{"desktop":{"background-color":"var(--ast-global-color-5)","background-image":"","background-repeat":"repeat","background-position":"center center","background-size":"auto","background-attachment":"scroll","background-type":"","background-media":"","overlay-type":"","overlay-color":"","overlay-opacity":"","overlay-gradient":""},"tablet":{"background-color":"var(--ast-global-color-5)","background-image":"","background-repeat":"repeat","background-position":"center center","background-size":"auto","background-attachment":"scroll","background-type":"","background-media":"","overlay-type":"","overlay-color":"","overlay-opacity":"","overlay-gradient":""},"mobile":{"background-color":"var(--ast-global-color-5)","background-image":"","background-repeat":"repeat","background-position":"center center","background-size":"auto","background-attachment":"scroll","background-type":"","background-media":"","overlay-type":"","overlay-color":"","overlay-opacity":"","overlay-gradient":""}},"_price":"","_stock":"","_tribe_ticket_header":"","_tribe_default_ticket_provider":"","_tribe_ticket_capacity":"0","_ticket_start_date":"","_ticket_end_date":"","_tribe_ticket_show_description":"","_tribe_ticket_show_not_going":false,"_tribe_ticket_use_global_stock":"","_tribe_ticket_global_stock_level":"","_global_stock_mode":"","_global_stock_cap":"","_tribe_rsvp_for_event":"","_tribe_ticket_going_count":"","_tribe_ticket_not_going_count":"","_tribe_tickets_list":"[]","_tribe_ticket_has_attendee_info_fields":false,"footnotes":"","_tec_slr_enabled":"","_tec_slr_layout":""},"class_list":["post-2175","page","type-page","status-publish","hentry"],"uagb_featured_image_src":{"full":false,"thumbnail":false,"medium":false,"medium_large":false,"large":false,"1536x1536":false,"2048x2048":false,"trp-custom-language-flag":false},"uagb_author_info":{"display_name":"500666pwpadmin","author_link":"https:\/\/asopardocolombia.co\/en\/author\/500666pwpadmin\/"},"uagb_comment_info":0,"uagb_excerpt":"\u00a1CONOCE LAS BONDADES DEL PARDO SUIZO! La raza Pardo Suizo o Brown Swiss pertenece a la especie Bos taurus, su origen se remonta a 2.000 a\u00f1os A.C., en la zona [&hellip;]","ticketed":false,"_links":{"self":[{"href":"https:\/\/asopardocolombia.co\/en\/wp-json\/wp\/v2\/pages\/2175","targetHints":{"allow":["GET"]}}],"collection":[{"href":"https:\/\/asopardocolombia.co\/en\/wp-json\/wp\/v2\/pages"}],"about":[{"href":"https:\/\/asopardocolombia.co\/en\/wp-json\/wp\/v2\/types\/page"}],"author":[{"embeddable":true,"href":"https:\/\/asopardocolombia.co\/en\/wp-json\/wp\/v2\/users\/1"}],"replies":[{"embeddable":true,"href":"https:\/\/asopardocolombia.co\/en\/wp-json\/wp\/v2\/comments?post=2175"}],"version-history":[{"count":39,"href":"https:\/\/asopardocolombia.co\/en\/wp-json\/wp\/v2\/pages\/2175\/revisions"}],"predecessor-version":[{"id":3612,"href":"https:\/\/asopardocolombia.co\/en\/wp-json\/wp\/v2\/pages\/2175\/revisions\/3612"}],"wp:attachment":[{"href":"https:\/\/asopardocolombia.co\/en\/wp-json\/wp\/v2\/media?parent=2175"}],"curies":[{"name":"wp","href":"https:\/\/api.w.org\/{rel}","templated":true}]}}

<div data-elementor-type="wp-page" data-elementor-id="2175" class="elementor elementor-2175">
				<div class="elementor-element elementor-element-33ad84e e-flex e-con-boxed e-con e-parent" data-id="33ad84e" data-element_type="container" data-e-type="container">
					<div class="e-con-inner">
				<div class="elementor-element elementor-element-575e1fb elementor-widget elementor-widget-image" data-id="575e1fb" data-element_type="widget" data-e-type="widget" data-widget_type="image.default">
				<div class="elementor-widget-container">
															<img fetchpriority="high" decoding="async" width="1024" height="512" src="https://asopardocolombia.co/wp-content/uploads/2026/02/asopardo-1024x512.webp" class="attachment-large size-large wp-image-2432" alt="asopardo" srcset="https://asopardocolombia.co/wp-content/uploads/2026/02/asopardo-1024x512.webp 1024w, https://asopardocolombia.co/wp-content/uploads/2026/02/asopardo-300x150.webp 300w, https://asopardocolombia.co/wp-content/uploads/2026/02/asopardo-768x384.webp 768w, https://asopardocolombia.co/wp-content/uploads/2026/02/asopardo-1536x768.webp 1536w, https://asopardocolombia.co/wp-content/uploads/2026/02/asopardo-18x9.webp 18w, https://asopardocolombia.co/wp-content/uploads/2026/02/asopardo.webp 1600w" sizes="(max-width: 1024px) 100vw, 1024px" title="Pardo Suizo">															</div>
				</div>
					</div>
				</div>
		<div class="elementor-element elementor-element-5d888706 e-flex e-con-boxed e-con e-parent" data-id="5d888706" data-element_type="container" data-e-type="container" id="xs_drop_1">
					<div class="e-con-inner">
				<div class="elementor-element elementor-element-38bf5bfb elementor-widget elementor-widget-elementskit-heading" data-id="38bf5bfb" data-element_type="widget" data-e-type="widget" data-widget_type="elementskit-heading.default">
				<div class="elementor-widget-container">
					<div class="ekit-wid-con" ><div class="ekit-heading elementskit-section-title-wraper text_center   ekit_heading_tablet-   ekit_heading_mobile-"><h2 class="ekit-heading--title elementskit-section-title ">¡CONOCE LAS BONDADES DEL PARDO SUIZO!</h2></div></div>				</div>
				</div>
		<div class="elementor-element elementor-element-737889c7 e-con-full e-flex e-con e-child" data-id="737889c7" data-element_type="container" data-e-type="container">
				<div class="elementor-element elementor-element-7649aea1 elementor-widget elementor-widget-elementskit-drop-caps" data-id="7649aea1" data-element_type="widget" data-e-type="widget" data-widget_type="elementskit-drop-caps.default">
				<div class="elementor-widget-container">
					<div class="ekit-wid-con" >		<div class="ekit-dropcap-wraper">
						<p class="ekit-dropcap-cotnent">La raza Pardo Suizo o Brown Swiss pertenece a la especie Bos taurus, su origen se remonta a 2.000 años A.C., en la zona del lago Dwellers, donde han sido encontrados huesos fósiles que corresponden a la edad de bronce y de hierro, se desarrolla en los valles y montañas de Suiza central constituyéndose en un núcleo de gran pureza y haciéndose fuerte, grande y rústico. Debemos resaltar que sigue idéntica en el color, pigmentación de piel, pezuñas, rusticidad y fortaleza, entre otras características. Es famosa en todo el mundo por ser la segunda raza en rendimiento lechero luego de la raza holandesa (Holstein), además es la más antigua de todas las seis razas lecheras (Shorthorn lechero, Holstein,  Jersey, Guernsey y Ayrshire) comienza el camino de la selección especializada hacia la rama lechera, mostrando en los últimos 50 años el mayor repunte entre todas las razas.. Presentan muy buena adaptación lo que ha impulsado su diseminación en los principales países entre el círculo polar ártico y el trópico, en altitudes que van del nivel del mar hasta por lo menos 3.800 metros.<br>
<br>
Los animales Pardo Suizo se caracterizan por su talla mediana, capa color “café-gris” el cual varía en tono prefiriendo las sombras oscuras y las áreas de un color más claro se localizan en los ojos, hocico, orejas y en las partes bajas de las patas. El pelo es corto, fino y suave; la piel pigmentada; muestra negro en la parte expuesta como en el hocico. Los cuernos son blancos con puntas negras, medios o pequeños, dirigidos hacia afuera y arriba, encorvándose en las puntas. La cabeza es ancha y moderadamente larga. La espalda es amplia y la línea dorsal recta. El pecho es profundo con costillas bien arqueadas, y los desarrollados cuartos traseros son carnosos. El Pardo Suizo es reconocido por sus buenas patas y pezuñas, rasgos necesarios en la evolución de la raza en los Alpes suizos, lo que confiere ventajas en el pastoreo. Las patas son algo cortas y las pezuñas son negras. La ubre está bien desarrollada, está en general bien adherida y tiene buenos pezones.<br> 
<br>
 Los primeros animales Pardo llegaron a nuestro país en 1928, cuando la Sociedad de Agricultores de Caldas, importó de Suiza 12 ejemplares. Cuenta una anécdota que Don Pedro Uribe Mejía, gran líder cafetero, adquirió algunos ejemplares y estos sorprendieron en su producción, el señor Uribe organizó durante varios días, el ordeño de una vaca Parda en la plaza principal de Manizales, iban colocando la leche en vasos. Un día llegó a dar 120 vasos de leche (250 ml*120=30.000 ml son 30 lt), en una época donde no se suministraba concentrado, sino solo pastoreo.<br>
<br>
<strong>BONDADES DEL PARDO SUIZO</strong>
<li>Estructura fuerte.</li>
<li>Excelente conformación en patas y pezuñas.</li>
<li>Piel pigmentada, con pelaje claro y corto.</li>
<li>Leche de alta calidad composicional y volumen.</li>
<li>Excelente rendimiento en derivados lácteos.</li>
<li>Menor incidencia de Mastitis.</li>
<li>Longevidad y Mansedumbre.</li> 
<li>Excelente adaptabilidad al trópico bajo.</li>
<li>Ideal para cruzamientos con Bos Indicus.</li></p>
					</div>
        </div>				</div>
				</div>
				</div>
				<div class="elementor-element elementor-element-6c4add9 elementor-widget elementor-widget-html" data-id="6c4add9" data-element_type="widget" data-e-type="widget" data-widget_type="html.default">
				<div class="elementor-widget-container">
					<style>
/* 1. Buscamos la SECCIÓN completa del encabezado */
header, .elementor-location-header, [data-elementor-type="header"] {
    position: fixed !important;
    top: 0 !important;
    width: 100% !important;
    z-index: 99999 !important;
    background-color: #003366 !important; /* El azul de Asopardo */
}

/* 2. Empujamos el resto del contenido hacia abajo para que el menú no lo tape al cargar */
#content, .elementor-location-single, .main-content-area {
    margin-top: 90px !important; /* Ajusta según el alto de tu menú */
}

/* 3. Por si acaso estás usando una sección normal de Elementor como menú */
.elementor-section-active {
    position: fixed !important;
    top: 0;
    width: 100%;
    z-index: 99999;
}
</style>				</div>
				</div>
					</div>
				</div>
				</div>

<p>¡CONOCE LAS BONDADES DEL PARDO SUIZO! La raza Pardo Suizo o Brown Swiss pertenece a la especie Bos taurus, su origen se remonta a 2.000 años A.C., en la zona [&hellip;]</p>

¡CONOCE LAS BONDADES DEL PARDO SUIZO! La raza Pardo Suizo o Brown Swiss pertenece a la especie Bos taurus, su origen se remonta a 2.000 años A.C., en la zona [&hellip;]
